{"id":22852,"date":"2025-02-24T14:04:01","date_gmt":"2025-02-24T19:04:01","guid":{"rendered":"https:\/\/krakendigital.lat\/genesis\/?page_id=22852"},"modified":"2025-03-28T07:14:47","modified_gmt":"2025-03-28T12:14:47","slug":"reconocimientos","status":"publish","type":"page","link":"https:\/\/labogenesis.com\/tienda\/reconocimientos\/","title":{"rendered":"Reconocimientos"},"content":{"rendered":"\t\t<div data-elementor-type=\"wp-page\" data-elementor-id=\"22852\" class=\"elementor elementor-22852\">\n\t\t\t\t<div class=\"elementor-element elementor-element-5a6dc08 e-flex e-con-boxed e-con e-parent\" data-id=\"5a6dc08\" data-element_type=\"container\" data-settings=\"{&quot;background_background&quot;:&quot;classic&quot;}\">\n\t\t\t\t\t<div class=\"e-con-inner\">\n\t\t<div class=\"elementor-element elementor-element-d510886 e-con-full e-flex e-con e-child\" data-id=\"d510886\" data-element_type=\"container\">\n\t\t\t\t<div class=\"elementor-element elementor-element-6b85bbc ninetheme-transform transform-type-translate elementor-widget elementor-widget-heading\" data-id=\"6b85bbc\" data-element_type=\"widget\" data-widget_type=\"heading.default\">\n\t\t\t\t<div class=\"elementor-widget-container\">\n\t\t\t\t\t<h1 class=\"elementor-heading-title elementor-size-default\">Investigaci\u00f3n y Desarrollo I + D<\/h1>\t\t\t\t<\/div>\n\t\t\t\t<\/div>\n\t\t\t\t<\/div>\n\t\t\t\t\t<\/div>\n\t\t\t\t<\/div>\n\t\t<div class=\"elementor-element elementor-element-b87e33a e-flex e-con-boxed e-con e-parent\" data-id=\"b87e33a\" data-element_type=\"container\">\n\t\t\t\t\t<div class=\"e-con-inner\">\n\t\t<div class=\"elementor-element elementor-element-ce14eae e-con-full e-flex e-con e-child\" data-id=\"ce14eae\" data-element_type=\"container\">\n\t\t<div class=\"elementor-element elementor-element-3d8b149 e-con-full e-flex e-con e-child\" data-id=\"3d8b149\" data-element_type=\"container\">\n\t\t\t\t<div class=\"elementor-element elementor-element-ca63955 ninetheme-transform transform-type-translate elementor-invisible elementor-widget elementor-widget-heading\" data-id=\"ca63955\" data-element_type=\"widget\" data-settings=\"{&quot;_animation&quot;:&quot;fadeIn&quot;,&quot;_animation_delay&quot;:600}\" data-widget_type=\"heading.default\">\n\t\t\t\t<div class=\"elementor-widget-container\">\n\t\t\t\t\t<p class=\"elementor-heading-title elementor-size-default\">La experiencia profesional adquirida en aproximadamente 50 a\u00f1os, los mentores de esta Compa\u00f1\u00eda, han hecho que la historia del mundo y del Ecuador se vea influenciada, beneficiada y premiada con productos innovadores como eficaces. La I + D siempre tendr\u00e1 como prioridad el bienestar del ser humano en todas sus etapas de vida, entendiendo y satisfaciendo sus necesidades m\u00e1s b\u00e1sicas como la buena alimentaci\u00f3n hasta el alivio de dolencias y enfermedades de toda \u00edndole. Nuestro comprometimiento con la I + D no es un mero departamento de innovaci\u00f3n y cuna de nuevos productos, es nuestra ALMA. Los reconocimientos de \u00edndole internacional y nacional, no se han hecho esperar a lo largo de nuestra cotidianeidad.\n\n<\/p>\t\t\t\t<\/div>\n\t\t\t\t<\/div>\n\t\t\t\t<div class=\"elementor-element elementor-element-6f5d553 ninetheme-transform transform-type-translate elementor-invisible elementor-widget elementor-widget-heading\" data-id=\"6f5d553\" data-element_type=\"widget\" data-settings=\"{&quot;_animation&quot;:&quot;fadeInDown&quot;,&quot;_animation_delay&quot;:400}\" data-widget_type=\"heading.default\">\n\t\t\t\t<div class=\"elementor-widget-container\">\n\t\t\t\t\t<h2 class=\"elementor-heading-title elementor-size-default\">Reconocimientos Internacionales\n<\/h2>\t\t\t\t<\/div>\n\t\t\t\t<\/div>\n\t\t\t\t<\/div>\n\t\t\t\t<\/div>\n\t\t\t\t\t<\/div>\n\t\t\t\t<\/div>\n\t\t<div class=\"elementor-element elementor-element-0316add e-flex e-con-boxed e-con e-parent\" data-id=\"0316add\" data-element_type=\"container\">\n\t\t\t\t\t<div class=\"e-con-inner\">\n\t\t<div class=\"elementor-element elementor-element-9ee0b63 e-con-full e-flex e-con e-child\" data-id=\"9ee0b63\" data-element_type=\"container\">\n\t\t<div class=\"elementor-element elementor-element-01e4313 e-con-full e-flex e-con e-child\" data-id=\"01e4313\" data-element_type=\"container\">\n\t\t<div class=\"elementor-element elementor-element-a1d06a7 e-con-full e-flex e-con e-child\" data-id=\"a1d06a7\" data-element_type=\"container\">\n\t\t\t\t<div class=\"elementor-element elementor-element-f2f5232 elementor-invisible elementor-widget elementor-widget-image\" data-id=\"f2f5232\" data-element_type=\"widget\" data-settings=\"{&quot;_animation&quot;:&quot;fadeInDown&quot;}\" data-widget_type=\"image.default\">\n\t\t\t\t<div class=\"elementor-widget-container\">\n\t\t\t\t\t\t\t\t\t\t\t\t\t\t\t<img fetchpriority=\"high\" decoding=\"async\" width=\"611\" height=\"237\" src=\"https:\/\/labogenesis.com\/tienda\/wp-content\/uploads\/2025\/02\/WHOS-WHO-IN-THE-WORTH-premio.jpg\" class=\"attachment-medium_large size-medium_large wp-image-22860\" alt=\"\" \/>\t\t\t\t\t\t\t\t\t\t\t\t\t\t\t<\/div>\n\t\t\t\t<\/div>\n\t\t\t\t<div class=\"elementor-element elementor-element-0e42f76 ninetheme-transform transform-type-translate elementor-invisible elementor-widget elementor-widget-heading\" data-id=\"0e42f76\" data-element_type=\"widget\" data-settings=\"{&quot;_animation&quot;:&quot;fadeInDown&quot;,&quot;_animation_delay&quot;:400}\" data-widget_type=\"heading.default\">\n\t\t\t\t<div class=\"elementor-widget-container\">\n\t\t\t\t\t<h4 class=\"elementor-heading-title elementor-size-default\">WHO\u00b4S WHO IN THE WORTH, <\/h4>\t\t\t\t<\/div>\n\t\t\t\t<\/div>\n\t\t\t\t<div class=\"elementor-element elementor-element-23d6f7a ninetheme-transform transform-type-translate elementor-invisible elementor-widget elementor-widget-heading\" data-id=\"23d6f7a\" data-element_type=\"widget\" data-settings=\"{&quot;_animation&quot;:&quot;fadeIn&quot;,&quot;_animation_delay&quot;:600}\" data-widget_type=\"heading.default\">\n\t\t\t\t<div class=\"elementor-widget-container\">\n\t\t\t\t\t<p class=\"elementor-heading-title elementor-size-default\">ESTADOS UNIDOS, 1992. Reconocimiento Mundial<\/p>\t\t\t\t<\/div>\n\t\t\t\t<\/div>\n\t\t\t\t<\/div>\n\t\t<div class=\"elementor-element elementor-element-8a88c8c e-con-full e-flex e-con e-child\" data-id=\"8a88c8c\" data-element_type=\"container\">\n\t\t\t\t<div class=\"elementor-element elementor-element-3e145d3 elementor-invisible elementor-widget elementor-widget-image\" data-id=\"3e145d3\" data-element_type=\"widget\" data-settings=\"{&quot;_animation&quot;:&quot;fadeInDown&quot;}\" data-widget_type=\"image.default\">\n\t\t\t\t<div class=\"elementor-widget-container\">\n\t\t\t\t\t\t\t\t\t\t\t\t\t\t\t<img decoding=\"async\" width=\"611\" height=\"237\" src=\"https:\/\/labogenesis.com\/tienda\/wp-content\/uploads\/2025\/02\/laboratorio-genesis-ROLEX-AWARDS-PREMIO.jpg\" class=\"attachment-medium_large size-medium_large wp-image-22861\" alt=\"\" \/>\t\t\t\t\t\t\t\t\t\t\t\t\t\t\t<\/div>\n\t\t\t\t<\/div>\n\t\t\t\t<div class=\"elementor-element elementor-element-6ad5986 ninetheme-transform transform-type-translate elementor-invisible elementor-widget elementor-widget-heading\" data-id=\"6ad5986\" data-element_type=\"widget\" data-settings=\"{&quot;_animation&quot;:&quot;fadeInDown&quot;,&quot;_animation_delay&quot;:400}\" data-widget_type=\"heading.default\">\n\t\t\t\t<div class=\"elementor-widget-container\">\n\t\t\t\t\t<h4 class=\"elementor-heading-title elementor-size-default\">   ROLEX AWARD\u00b4S,<\/h4>\t\t\t\t<\/div>\n\t\t\t\t<\/div>\n\t\t\t\t<div class=\"elementor-element elementor-element-9ce5aa4 ninetheme-transform transform-type-translate elementor-invisible elementor-widget elementor-widget-heading\" data-id=\"9ce5aa4\" data-element_type=\"widget\" data-settings=\"{&quot;_animation&quot;:&quot;fadeIn&quot;,&quot;_animation_delay&quot;:600}\" data-widget_type=\"heading.default\">\n\t\t\t\t<div class=\"elementor-widget-container\">\n\t\t\t\t\t<p class=\"elementor-heading-title elementor-size-default\">SUIZA, 1987. Reconocimiento Mundial\n<\/p>\t\t\t\t<\/div>\n\t\t\t\t<\/div>\n\t\t\t\t<\/div>\n\t\t<div class=\"elementor-element elementor-element-7b58512 e-con-full e-flex e-con e-child\" data-id=\"7b58512\" data-element_type=\"container\">\n\t\t\t\t<div class=\"elementor-element elementor-element-da1a55f elementor-invisible elementor-widget elementor-widget-image\" data-id=\"da1a55f\" data-element_type=\"widget\" data-settings=\"{&quot;_animation&quot;:&quot;fadeInDown&quot;}\" data-widget_type=\"image.default\">\n\t\t\t\t<div class=\"elementor-widget-container\">\n\t\t\t\t\t\t\t\t\t\t\t\t\t\t\t<img decoding=\"async\" width=\"611\" height=\"237\" src=\"https:\/\/labogenesis.com\/tienda\/wp-content\/uploads\/2025\/02\/premio-japon.jpg\" class=\"attachment-medium_large size-medium_large wp-image-22863\" alt=\"\" \/>\t\t\t\t\t\t\t\t\t\t\t\t\t\t\t<\/div>\n\t\t\t\t<\/div>\n\t\t\t\t<div class=\"elementor-element elementor-element-e639e48 ninetheme-transform transform-type-translate elementor-invisible elementor-widget elementor-widget-heading\" data-id=\"e639e48\" data-element_type=\"widget\" data-settings=\"{&quot;_animation&quot;:&quot;fadeInDown&quot;,&quot;_animation_delay&quot;:400}\" data-widget_type=\"heading.default\">\n\t\t\t\t<div class=\"elementor-widget-container\">\n\t\t\t\t\t<h4 class=\"elementor-heading-title elementor-size-default\">CONGRESO MUNDIAL DE ALIMENTOS<\/h4>\t\t\t\t<\/div>\n\t\t\t\t<\/div>\n\t\t\t\t<div class=\"elementor-element elementor-element-9f49d9a ninetheme-transform transform-type-translate elementor-invisible elementor-widget elementor-widget-heading\" data-id=\"9f49d9a\" data-element_type=\"widget\" data-settings=\"{&quot;_animation&quot;:&quot;fadeIn&quot;,&quot;_animation_delay&quot;:600}\" data-widget_type=\"heading.default\">\n\t\t\t\t<div class=\"elementor-widget-container\">\n\t\t\t\t\t<p class=\"elementor-heading-title elementor-size-default\">CHIVA JAPON, 1999. Reconocimiento Mundial\n<\/p>\t\t\t\t<\/div>\n\t\t\t\t<\/div>\n\t\t\t\t<\/div>\n\t\t\t\t<\/div>\n\t\t\t\t<\/div>\n\t\t\t\t\t<\/div>\n\t\t\t\t<\/div>\n\t\t<div class=\"elementor-element elementor-element-70a4437 e-flex e-con-boxed e-con e-parent\" data-id=\"70a4437\" data-element_type=\"container\">\n\t\t\t\t\t<div class=\"e-con-inner\">\n\t\t<div class=\"elementor-element elementor-element-bf3b3eb e-con-full e-flex e-con e-child\" data-id=\"bf3b3eb\" data-element_type=\"container\">\n\t\t<div class=\"elementor-element elementor-element-b5070af e-con-full e-flex e-con e-child\" data-id=\"b5070af\" data-element_type=\"container\">\n\t\t<div class=\"elementor-element elementor-element-3a4c9c6 e-con-full e-flex e-con e-child\" data-id=\"3a4c9c6\" data-element_type=\"container\">\n\t\t\t\t<div class=\"elementor-element elementor-element-e41530d elementor-invisible elementor-widget elementor-widget-image\" data-id=\"e41530d\" data-element_type=\"widget\" data-settings=\"{&quot;_animation&quot;:&quot;slideInUp&quot;}\" data-widget_type=\"image.default\">\n\t\t\t\t<div class=\"elementor-widget-container\">\n\t\t\t\t\t\t\t\t\t\t\t\t\t\t\t<img loading=\"lazy\" decoding=\"async\" width=\"223\" height=\"283\" src=\"https:\/\/labogenesis.com\/tienda\/wp-content\/uploads\/2025\/02\/rnac.jpg\" class=\"elementor-animation-float attachment-medium_large size-medium_large wp-image-22872\" alt=\"\" \/>\t\t\t\t\t\t\t\t\t\t\t\t\t\t\t<\/div>\n\t\t\t\t<\/div>\n\t\t\t\t<\/div>\n\t\t<div class=\"elementor-element elementor-element-0928c1a e-con-full e-flex e-con e-child\" data-id=\"0928c1a\" data-element_type=\"container\">\n\t\t\t\t<div class=\"elementor-element elementor-element-9bbf9c6 ninetheme-transform transform-type-translate elementor-invisible elementor-widget elementor-widget-heading\" data-id=\"9bbf9c6\" data-element_type=\"widget\" data-settings=\"{&quot;_animation&quot;:&quot;fadeInDown&quot;,&quot;_animation_delay&quot;:400}\" data-widget_type=\"heading.default\">\n\t\t\t\t<div class=\"elementor-widget-container\">\n\t\t\t\t\t<h2 class=\"elementor-heading-title elementor-size-default\">Reconocimientos Nacionales\n<\/h2>\t\t\t\t<\/div>\n\t\t\t\t<\/div>\n\t\t\t\t<div class=\"elementor-element elementor-element-e0996bb elementor-icon-list--layout-traditional elementor-list-item-link-full_width elementor-invisible elementor-widget elementor-widget-icon-list\" data-id=\"e0996bb\" data-element_type=\"widget\" data-settings=\"{&quot;_animation&quot;:&quot;fadeInDown&quot;}\" data-widget_type=\"icon-list.default\">\n\t\t\t\t<div class=\"elementor-widget-container\">\n\t\t\t\t\t\t\t<ul class=\"elementor-icon-list-items\">\n\t\t\t\t\t\t\t<li class=\"elementor-icon-list-item\">\n\t\t\t\t\t\t\t\t\t\t\t<span class=\"elementor-icon-list-icon\">\n\t\t\t\t\t\t\t<svg aria-hidden=\"true\" class=\"e-font-icon-svg e-fas-check\" viewBox=\"0 0 512 512\" xmlns=\"http:\/\/www.w3.org\/2000\/svg\"><path d=\"M173.898 439.404l-166.4-166.4c-9.997-9.997-9.997-26.206 0-36.204l36.203-36.204c9.997-9.998 26.207-9.998 36.204 0L192 312.69 432.095 72.596c9.997-9.997 26.207-9.997 36.204 0l36.203 36.204c9.997 9.997 9.997 26.206 0 36.204l-294.4 294.401c-9.998 9.997-26.207 9.997-36.204-.001z\"><\/path><\/svg>\t\t\t\t\t\t<\/span>\n\t\t\t\t\t\t\t\t\t\t<span class=\"elementor-icon-list-text\"><strong>  DR. VICENTE ROCAFUERTE, <\/strong>CONGRESO NACIONAL DEL ECUADOR Reconocimiento Nacional<\/span>\n\t\t\t\t\t\t\t\t\t<\/li>\n\t\t\t\t\t\t<\/ul>\n\t\t\t\t\t\t<\/div>\n\t\t\t\t<\/div>\n\t\t\t\t<div class=\"elementor-element elementor-element-6dde850 ninetheme-transform transform-type-translate elementor-invisible elementor-widget elementor-widget-heading\" data-id=\"6dde850\" data-element_type=\"widget\" data-settings=\"{&quot;_animation&quot;:&quot;fadeInDown&quot;,&quot;_animation_delay&quot;:400}\" data-widget_type=\"heading.default\">\n\t\t\t\t<div class=\"elementor-widget-container\">\n\t\t\t\t\t<h2 class=\"elementor-heading-title elementor-size-default\">Reconocimientos Locales\n<\/h2>\t\t\t\t<\/div>\n\t\t\t\t<\/div>\n\t\t\t\t<div class=\"elementor-element elementor-element-01b7b09 elementor-icon-list--layout-traditional elementor-list-item-link-full_width elementor-invisible elementor-widget elementor-widget-icon-list\" data-id=\"01b7b09\" data-element_type=\"widget\" data-settings=\"{&quot;_animation&quot;:&quot;fadeInDown&quot;}\" data-widget_type=\"icon-list.default\">\n\t\t\t\t<div class=\"elementor-widget-container\">\n\t\t\t\t\t\t\t<ul class=\"elementor-icon-list-items\">\n\t\t\t\t\t\t\t<li class=\"elementor-icon-list-item\">\n\t\t\t\t\t\t\t\t\t\t\t<span class=\"elementor-icon-list-icon\">\n\t\t\t\t\t\t\t<svg aria-hidden=\"true\" class=\"e-font-icon-svg e-fas-check\" viewBox=\"0 0 512 512\" xmlns=\"http:\/\/www.w3.org\/2000\/svg\"><path d=\"M173.898 439.404l-166.4-166.4c-9.997-9.997-9.997-26.206 0-36.204l36.203-36.204c9.997-9.998 26.207-9.998 36.204 0L192 312.69 432.095 72.596c9.997-9.997 26.207-9.997 36.204 0l36.203 36.204c9.997 9.997 9.997 26.206 0 36.204l-294.4 294.401c-9.998 9.997-26.207 9.997-36.204-.001z\"><\/path><\/svg>\t\t\t\t\t\t<\/span>\n\t\t\t\t\t\t\t\t\t\t<span class=\"elementor-icon-list-text\"><strong>JOAQUIN LALAMA.<\/strong>  <\/span>\n\t\t\t\t\t\t\t\t\t<\/li>\n\t\t\t\t\t\t\t\t<li class=\"elementor-icon-list-item\">\n\t\t\t\t\t\t\t\t\t\t\t<span class=\"elementor-icon-list-icon\">\n\t\t\t\t\t\t\t<svg aria-hidden=\"true\" class=\"e-font-icon-svg e-fas-check\" viewBox=\"0 0 512 512\" xmlns=\"http:\/\/www.w3.org\/2000\/svg\"><path d=\"M173.898 439.404l-166.4-166.4c-9.997-9.997-9.997-26.206 0-36.204l36.203-36.204c9.997-9.998 26.207-9.998 36.204 0L192 312.69 432.095 72.596c9.997-9.997 26.207-9.997 36.204 0l36.203 36.204c9.997 9.997 9.997 26.206 0 36.204l-294.4 294.401c-9.998 9.997-26.207 9.997-36.204-.001z\"><\/path><\/svg>\t\t\t\t\t\t<\/span>\n\t\t\t\t\t\t\t\t\t\t<span class=\"elementor-icon-list-text\"><strong> PIO JARAMILLO ALVARADO.<\/strong>  <\/span>\n\t\t\t\t\t\t\t\t\t<\/li>\n\t\t\t\t\t\t<\/ul>\n\t\t\t\t\t\t<\/div>\n\t\t\t\t<\/div>\n\t\t\t\t<\/div>\n\t\t\t\t<\/div>\n\t\t\t\t<\/div>\n\t\t\t\t\t<\/div>\n\t\t\t\t<\/div>\n\t\t\t\t<\/div>\n\t\t","protected":false},"excerpt":{"rendered":"<p>Investigaci\u00f3n y Desarrollo I + D La experiencia profesional adquirida en aproximadamente 50 a\u00f1os, los mentores de esta Compa\u00f1\u00eda, han hecho que la historia del mundo y del Ecuador se vea influenciada, beneficiada y premiada con productos innovadores como eficaces. La I + D siempre tendr\u00e1 como prioridad el bienestar del ser humano en todas&#8230;<\/p>\n","protected":false},"author":1,"featured_media":0,"parent":0,"menu_order":0,"comment_status":"closed","ping_status":"closed","template":"","meta":{"footnotes":""},"class_list":{"0":"post-22852","1":"page","2":"type-page","3":"status-publish","4":"hentry","5":"nt-post-class","6":"","7":"thumb-none","9":"excerpt-none"},"_links":{"self":[{"href":"https:\/\/labogenesis.com\/tienda\/wp-json\/wp\/v2\/pages\/22852","targetHints":{"allow":["GET"]}}],"collection":[{"href":"https:\/\/labogenesis.com\/tienda\/wp-json\/wp\/v2\/pages"}],"about":[{"href":"https:\/\/labogenesis.com\/tienda\/wp-json\/wp\/v2\/types\/page"}],"author":[{"embeddable":true,"href":"https:\/\/labogenesis.com\/tienda\/wp-json\/wp\/v2\/users\/1"}],"replies":[{"embeddable":true,"href":"https:\/\/labogenesis.com\/tienda\/wp-json\/wp\/v2\/comments?post=22852"}],"version-history":[{"count":0,"href":"https:\/\/labogenesis.com\/tienda\/wp-json\/wp\/v2\/pages\/22852\/revisions"}],"wp:attachment":[{"href":"https:\/\/labogenesis.com\/tienda\/wp-json\/wp\/v2\/media?parent=22852"}],"curies":[{"name":"wp","href":"https:\/\/api.w.org\/{rel}","templated":true}]}}