{"id":22259,"date":"2025-02-20T19:50:17","date_gmt":"2025-02-21T00:50:17","guid":{"rendered":"https:\/\/krakendigital.lat\/genesis\/?post_type=product&#038;p=22259"},"modified":"2025-09-29T14:39:31","modified_gmt":"2025-09-29T19:39:31","slug":"machinex-sachet","status":"publish","type":"product","link":"https:\/\/labogenesis.com\/tienda\/product\/machinex-sachet\/","title":{"rendered":"MAchinEX Sachet"},"content":{"rendered":"<p><span style=\"color: #e30813;\"><strong>MODO DE USO:<\/strong><\/span><br \/>\nIngerir 1 sachet diario<\/p>\n","protected":false},"excerpt":{"rendered":"<p><strong>GINSENG<\/strong><br \/>\nAyuda a estimular la actividad f\u00edsica y mental mejorando la capacidad de pensar y la cognici\u00f3n.<\/p>\n<p><strong>L-ARGININA<\/strong><br \/>\nEstimula la s\u00edntesis de \u00f3xido n\u00edtrico para proporcionar mayor flujo sanguineo al m\u00fasculo y dar mayor aporte de nutrientes y ox\u00edgeno<\/p>\n<p><span style=\"color: #e30813;\"><strong>Cont. Neto:<\/strong><\/span> Caja 3 Sachets<\/p>\n","protected":false},"featured_media":22193,"comment_status":"open","ping_status":"closed","template":"","meta":[],"product_brand":[],"product_cat":[15,85],"product_tag":[],"location":[],"class_list":{"0":"post-22259","1":"product","2":"type-product","3":"status-publish","4":"has-post-thumbnail","6":"product_cat-uncategorized","7":"product_cat-suplementos-alimenticios","8":"nt-post-class","9":"","15":"first","16":"instock","17":"taxable","18":"shipping-taxable","19":"purchasable","20":"product-type-simple"},"_links":{"self":[{"href":"https:\/\/labogenesis.com\/tienda\/wp-json\/wp\/v2\/product\/22259","targetHints":{"allow":["GET"]}}],"collection":[{"href":"https:\/\/labogenesis.com\/tienda\/wp-json\/wp\/v2\/product"}],"about":[{"href":"https:\/\/labogenesis.com\/tienda\/wp-json\/wp\/v2\/types\/product"}],"replies":[{"embeddable":true,"href":"https:\/\/labogenesis.com\/tienda\/wp-json\/wp\/v2\/comments?post=22259"}],"version-history":[{"count":1,"href":"https:\/\/labogenesis.com\/tienda\/wp-json\/wp\/v2\/product\/22259\/revisions"}],"predecessor-version":[{"id":23868,"href":"https:\/\/labogenesis.com\/tienda\/wp-json\/wp\/v2\/product\/22259\/revisions\/23868"}],"wp:featuredmedia":[{"embeddable":true,"href":"https:\/\/labogenesis.com\/tienda\/wp-json\/wp\/v2\/media\/22193"}],"wp:attachment":[{"href":"https:\/\/labogenesis.com\/tienda\/wp-json\/wp\/v2\/media?parent=22259"}],"wp:term":[{"taxonomy":"product_brand","embeddable":true,"href":"https:\/\/labogenesis.com\/tienda\/wp-json\/wp\/v2\/product_brand?post=22259"},{"taxonomy":"product_cat","embeddable":true,"href":"https:\/\/labogenesis.com\/tienda\/wp-json\/wp\/v2\/product_cat?post=22259"},{"taxonomy":"product_tag","embeddable":true,"href":"https:\/\/labogenesis.com\/tienda\/wp-json\/wp\/v2\/product_tag?post=22259"},{"taxonomy":"location","embeddable":true,"href":"https:\/\/labogenesis.com\/tienda\/wp-json\/wp\/v2\/location?post=22259"}],"curies":[{"name":"wp","href":"https:\/\/api.w.org\/{rel}","templated":true}]}}